lculate the greatest common divisor of 768 and 12.
12
Calculate the greatest common factor of 50274 and 19.
19
Calculate the highest common factor of 765 and 45.
45
What is the greatest common factor of 20 and 10?
10
What is the greatest common factor of 338 and 26?
26
What is the greatest common factor of 12 and 1692?
12
What is the highest common divisor of 45 and 1395?
45
What is the greatest common factor of 483 and 42?
21
What is the highest common divisor of 228 and 1104?
12
Calculate the greatest common factor of 486 and 4.
2
What is the greatest common factor of 252 and 4347?
63
What is the greatest common divisor of 2097 and 4427?
233
Calculate the greatest common factor of 602 and 1978.
86
What is the greatest common factor of 237 and 3?
3
What is the greatest common factor of 192 and 12?
12
Calculate the highest common divisor of 1488 and 3534.
186
Calculate the highest common divisor of 280 and 30296.
56
Calculate the highest common divisor of 1534 and 208.
26
What is the highest common factor of 96 and 48?
48
Calculate the greatest common divisor of 428 and 963.
107
What is the greatest common divisor of 132 and 99?
33
What is the greatest common factor of 1376 and 32?
32
Calculate the highest common factor of 60 and 570.
30
What is the highest common factor of 697 and 34?
17
What is the highest common divisor of 80 and 48?
16
What is the highest common factor of 72 and 54?
18
Calculate the greatest common divisor of 9666 and 270.
54
What is the highest common divisor of 21455 and 35?
35
Calculate the greatest common divisor of 341 and 31.
31
What is the highest common divisor of 82 and 2911?
41
What is the greatest common divisor of 1809 and 135?
27
Calculate the highest common factor of 2 and 130.
2
Calculate the greatest common divisor of 664 and 10458.
166
Calculate the highest common factor of 264 and 34232.
88
What is the highest common divisor of 92 and 2530?
46
What is the highest common factor of 36 and 30?
6
Calculate the greatest common divisor of 2 and 1667.
1
Calculate the highest common factor of 19 and 1.
1
Calculate the greatest common factor of 2424 and 52.
4
What is the greatest common factor of 180 and 2040?
60
What is the greatest common factor of 1352 and 40?
8
Calculate the greatest common factor of 5570 and 30.
10
What is the highest common divisor of 501 and 24?
3
What is the greatest common factor of 2992 and 22?
22
Calculate the highest common divisor of 85 and 2805.
85
Calculate the highest common divisor of 3 and 1581.
3
Calculate the highest common divisor of 3145 and 85.
85
What is the greatest common factor of 441 and 14?
7
What is the greatest common divisor of 1634 and 114?
38
What is the highest common divisor of 140 and 70?
70
Calculate the greatest common divisor of 96 and 528.
48
Calculate the greatest common factor of 3850 and 650.
50
Calculate the highest common divisor of 756 and 966.
42
What is the highest common divisor of 143 and 77?
11
Calculate the greatest common divisor of 18 and 738.
18
What is the highest common factor of 805 and 224?
7
What is the greatest common divisor of 207 and 529?
23
Calculate the highest common factor of 76 and 19.
19
What is the greatest common divisor of 104 and 286?
26
Calculate the greatest common divisor of 1624 and 56.
56
What is the greatest common factor of 44 and 1298?
22
Calculate the highest common divisor of 816 and 8704.
272
What is the greatest common factor of 7 and 10346?
7
Calculate the greatest common factor of 92 and 17.
1
Calculate the highest common divisor of 86 and 2.
2
What is the highest common divisor of 227 and 25424?
227
What is the greatest common factor of 8104 and 8?
8
What is the greatest common divisor of 2 and 98?
2
Calculate the highest common factor of 58 and 2.
2
What is the highest common factor of 1092 and 336?
84
What is the highest common factor of 272 and 238?
34
Calculate the highest common divisor of 553 and 3002.
79
What is the greatest common factor of 220 and 66?
22
What is the greatest common divisor of 47560 and 870?
290
Calculate the highest common factor of 4015 and 55.
55
What is the greatest common factor of 46 and 3956?
46
What is the greatest common factor of 69 and 7061?
23
Calculate the greatest common factor of 117 and 36.
9
What is the greatest common factor of 34 and 306?
34
Calculate the highest common factor of 1342 and 66.
22
Calculate the greatest common divisor of 49 and 14.
7
What is the greatest common divisor of 704 and 11?
11
Calculate the greatest common factor of 612 and 36.
36
What is the greatest common factor of 8242 and 26?
26
Calculate the greatest common factor of 51 and 544.
17
Calculate the highest common divisor of 180 and 96.
12
Calculate the greatest common factor of 308 and 1320.
44
What is the greatest common divisor of 484 and 42?
2
What is the greatest common factor of 13350 and 300?
150
Calculate the highest common factor of 735 and 165.
15
What is the highest common divisor of 46 and 92?
46
What is the highest common divisor of 861 and 14?
7
What is the greatest common divisor of 156 and 276?
12
Calculate the greatest common factor of 121 and 539.
11
What is the highest common divisor of 4400 and 150?
50
What is the highest common divisor of 267 and 72357?
267
What is the greatest common factor of 900 and 40?
20
Calculate the highest common divisor of 400 and 13900.
100
Calculate the greatest common factor of 4 and 294.
2
What is the greatest common factor of 22 and 11?
11
Calculate the highest common divisor of 725 and 25.
25
What is the highest common divisor of 186 and 6?
6
Calculate the highest common factor of 95 and 3895.
95
What is the greatest common factor of 99 and 825?
33
Calculate the highest common divisor of 48 and 228.
12
What is the highest common divisor of 63 and 525?
21
What is the highest common divisor of 287 and 546?
7
What is the highest common divisor of 6004 and 76?
76
Calculate the highest common divisor of 36 and 198.
18
Calculate the highest common divisor of 527 and 68.
17
What is the greatest common divisor of 7 and 5?
1
Calculate the greatest common divisor of 208 and 464.
16
What is the greatest common divisor of 60 and 195?
15
What is the highest common divisor of 15354 and 18?
18
What is the highest common divisor of 3068 and 59?
59
What is the highest common divisor of 48 and 108?
12
Calculate the greatest common factor of 744 and 816.
24
Calculate the greatest common divisor of 22 and 10.
2
Calculate the greatest common factor of 8618 and 2224.
278
What is the highest common divisor of 76 and 247?
19
What is the greatest common divisor of 850 and 950?
50
Calculate the highest common factor of 2 and 18.
2
What is the highest common divisor of 171 and 57?
57
Calculate the greatest common divisor of 44 and 24772.
44
What is the highest common divisor of 352 and 6292?
44
What is the highest common factor of 9035 and 65?
65
What is the highest common factor of 130 and 13?
13
Calculate the greatest common factor of 1 and 83.
1
What is the highest common divisor of 70 and 12005?
35
Calculate the greatest common factor of 26 and 16744.
26
Calculate the highest common factor of 30 and 90.
30
What is the highest common divisor of 171 and 36?
9
What is the highest common factor of 1440 and 32?
32
Calculate the greatest common divisor of 629 and 666.
37
Calculate the greatest common divisor of 96 and 312.
24
What is the highest common divisor of 35 and 35?
35
Calculate the highest common factor of 132 and 36.
12
Calculate the highest common factor of 2 and 62.
2
What is the greatest common factor of 28 and 231?
7
Calculate the greatest common factor of 20 and 30.
10
Calculate the highest common factor of 1485 and 110.
55
Calculate the highest common divisor of 174 and 9.
3
Calculate the greatest common factor of 4 and 142.
2
What is the greatest common divisor of 12 and 124?
4
What is the greatest common divisor of 46 and 54?
2
Calculate the highest common factor of 820 and 656.
164
What is the greatest common factor of 81 and 18?
9
What is the greatest common factor of 10439 and 121?
11
What is the greatest common factor of 30 and 33585?
15
Calculate the greatest common factor of 4623 and 621.
69
Calculate the highest common factor of 178 and